ose -10 = -s*l + 14. Calculate the remainder when 29 is divided by l.
5
Suppose 1 = 2*a - 3. Suppose 0*x - 16 = -a*x. What is the remainder when 23 is divided by x?
7
Let x = -42 - -66. Calculate the remainder when x is divided by 1*9*4/4.
6
Let h = 0 + 7. Suppose -5*k + g + 980 = 0, 0 = k - 4*g - 0*g - 177. Suppose k = 5*y + 72. Calculate the remainder when y is divided by h.
4
Let j be (-21)/15 - 2/(-5). Calculate the remainder when (-3)/j - ((-120)/1 + -2) is divided by 14.
13
Suppose 0 = o - 3 - 2. Let r be (-3 + o + -3)*-3. Suppose 108 = 7*y - r*y. What is the remainder when 106 is divided by y?
25
Let g(r) = -10*r**3 - 2*r**2 + 2. Calculate the remainder when g(-2) is divided by (-4656)/(-232) - (-14)/(-203).
14
Suppose -2*l + 3*r = -77, -5*l - 2*r + 220 = -4*r. Let b(p) = p**2. Calculate the remainder when l is divided by b(-4).
14
Let r = 2562 + -2269. What is the remainder when r is divided by 60?
53
Let b = -25 + 36. What is the remainder when 14 is divided by b?
3
Let f be (-10)/(-30) - (-8)/3. Let x = 7 - f. Suppose -x*t = -34 - 46. What is the remainder when 38 is divided by t?
18
Suppose 6*k - 26 = 22. Calculate the remainder when ((-20)/(-5) - 43)*-1 is divided by k.
7
Let g(v) = 0*v**3 + v**3 + 6 - v**2 - 10*v**2 + 0*v**3. Let w be g(11). Suppose 44 = 5*h - 3*c, -w = -4*c + 2. What is the remainder when 28 is divided by h?
8
Suppose 3*m = u - 4, 3*u - m = -4*m. Calculate the remainder when 264 is divided by 11 - (-5 - u)/2.
12
Suppose 60 = 8*g - 5*g. Let q = 24 - g. Suppose q*f + 5*t = -6 + 78, 3*f - 49 = -5*t. Calculate the remainder when f is divided by 8.
7
Let c(p) = p**2 + 5*p + 12. Let j(w) = -w**3 + 6*w**2 - 2*w + 6. Let r be j(6). Calculate the remainder when c(r) is divided by 5.
3
Suppose 0 = -i - 2*p + p + 14, 5*p + 47 = 4*i. Let x(q) = 2*q**3 + 106*q**2 - 2*q - 49. Calculate the remainder when x(-53) is divided by i.
5
Let d(y) = -y**2 - 13*y + 65. Calculate the remainder when 321 is divided by d(0).
61
Suppose 0 = 4*k + x - 29, 5*x = 6*k - 3*k + 7. Suppose 6*q + k = -0*q. What is the remainder when (q/2)/((-12)/1704) is divided by 15?
11
Let h(t) = 63*t + 574. Let z(c) = -c**2 - 3*c - 3. Let r be z(-3). Let p = 8 - r. Calculate the remainder when p is divided by h(-9).
4
Suppose -16*d + 86 = -58. What is the remainder when 21 is divided by d?
3
Let y(i) = -i**3 + 8*i**2 - 5*i - 9. Let b be y(5). Let u = -56 - -83. Let x = b - u. Calculate the remainder when 26 is divided by x.
12
Let i = -7 + 5. Let j(u) = -9*u**3 + u. Let l be j(i). Let z = -45 + l. What is the remainder when 73 is divided by z?
23
Let f = -36 + 38. What is the remainder when f - (-44 - (4 - 4)) is divided by 12?
10
Suppose 8*a - 119 = -23. Calculate the remainder when 31 is divided by a.
7
Suppose 1728 = 9*t + 918. What is the remainder when t is divided by 16?
10
Suppose -140 = -149*d + 144*d. What is the remainder when 391 is divided by d?
27
Suppose 4*u = 5*g - 1297 + 412, 0 = -5*u - 25. What is the remainder when g is divided by 29?
28
Let d = 7101 + -7084. Let a(h) = 2*h**3 + 4*h**2 - 5*h + 4. Calculate the remainder when a(3) is divided by d.
11
Suppose 0 = 23*u - 102 - 13. What is the remainder when 59 is divided by u?
4
Calculate the remainder when (-18)/(28/35 + -1) is divided by 32.
26
Let f(p) = 2*p**2 + p + 515. Let h be f(0). What is the remainder when h/15 + 2/(-6) is divided by 18?
16
Let v be 2/7 - 3*26/(-21). Suppose 5*h - v*c = -8*c + 304, h - 3*c - 57 = 0. What is the remainder when h is divided by 31?
29
Suppose 3*k + 7*r - 2*r = 751, 3*k - 4*r = 787. What is the remainder when k is divided by 26?
23
Let k = -13 - -19. Suppose -2*w + 30 = 20. Calculate the remainder when 3/w - (-104)/10 is divided by k.
5
Let r = -4 + 14. Let f = 793 - 755. Calculate the remainder when f is divided by r.
8
Suppose -12*b = -7*b + 5. Let p be (-8 + -13)*(0 + b). Calculate the remainder when 53 is divided by (-4 + 28/6)*p.
11
Let z(a) = 2*a - 9. Let g be z(7). Suppose 15 = 4*t - g*j, 0 = -5*t - 0*j - 5*j + 30. Suppose t*d - 30 = -d. Calculate the remainder when 13 is divided by d.
3
Suppose -78 = 9*v - 1365. What is the remainder when v is divided by 18?
17
Suppose -3*g + 147 = 3*y, 0 = -22*y + 26*y - g - 186. What is the remainder when 419 is divided by y?
43
Let h = -14 - -39. Let s = 1887 + -1874. Calculate the remainder when h is divided by s.
12
Suppose 3*r - 14 = 2*r. Suppose -4*y + 5*s = -0*y - 44, r = 3*y + s. Calculate the remainder when 10 is divided by y.
4
Let x(b) = 11*b**2 - 7*b + 4. Calculate the remainder when x(2) is divided by 23.
11
Suppose -454*d + 464*d = 820. Calculate the remainder when 2047 is divided by d.
79
What is the remainder when (2 - (5 + -2 + -102)) + 2 is divided by 13?
12
What is the remainder when 115 is divided by -1 + 3 - 224/(-7)?
13
Let i(c) = 24*c - 1. Let s be i(4). Suppose -5*d + s - 11 = -2*k, 2*d = -k + 39. Suppose p - 6*p = -265. Calculate the remainder when p is divided by d.
17
Let r = 4 + 15. Suppose -9*b + 3 + 15 = 0. Suppose -y + 3*j - 5 = 0, y = -b*j - j + r. What is the remainder when 25 is divided by y?
4
Suppose -12*h = 4*h - 1808. What is the remainder when h is divided by 3?
2
Suppose 86 = 4*j + t - 82, -3*t - 126 = -3*j. Calculate the remainder when 204 is divided by j.
36
Let b(g) = 6*g**2 - 3*g + 1. Let m = -223 + 267. What is the remainder when b(4) is divided by m?
41
Let f = 151 + -86. Let x = -21 + f. Calculate the remainder when x is divided by (4/(-2))/(3/(-18)).
8
Let p(f) = 15*f - 102. Calculate the remainder when 428 is divided by p(9).
32
Let p be (5/((-10)/46))/(-1). Let j = 35 - p. Calculate the remainder when 33 is divided by j.
9
Suppose 3*h - 1 - 11 = 0, t - 122 = -3*h. What is the remainder when 176 is divided by t?
66
Suppose -c = -3*c + 20. Suppose -3*r - 4*t = -4*r + 26, t - 26 = -r. What is the remainder when r is divided by c?
6
What is the remainder when ((-12)/36)/((-2)/138) is divided by 5/(5/2) - -11?
10
Suppose 13 = -3*y + 55. Let j = -211 - -280. Calculate the remainder when j is divided by y.
13
Suppose -4*k = -k + u - 182, 5*u = 4*k - 211. Suppose -3*m = 9, -7 = -x - m - 27. Let h = -2 - x. Calculate the remainder when k is divided by h.
14
Let y(d) = -d**2 - 22*d - 110. Suppose 0 = 5*l - 2*l - 123. What is the remainder when l is divided by y(-11)?
8
Suppose 0 = -q + o + 99, -5*q - 285 = 5*o - 740. Calculate the remainder when q is divided by 7.
4
Suppose 5 + 1 = 3*m. Suppose 3*d = -4*z - 0*z + 131, d - 4*z = 17. What is the remainder when d is divided by 61/3 - m/6?
17
Calculate the remainder when (-716 - 0)*(-18)/24 is divided by 20.
17
Suppose 0 = 5*g, 4*g + 55 = 5*p + 3*g. What is the remainder when p is divided by (-1)/(-4) + (108/16 - 1)?
5
Let o(a) = a + 8. Let j be o(-6). Suppose 0 = -3*c - z - j*z + 276, 3*z = -4*c + 365. Calculate the remainder when c is divided by 23.
20
Let f(h) = 16*h**2 - 6*h - 6. What is the remainder when f(-3) is divided by 18?
12
Suppose 2*m + 6 = -3*y + 16, 0 = -y. Suppose -5*z - 3*q = q - 55, -m*q - 10 = z. Calculate the remainder when 3 + -5 + 59 + 0 is divided by z.
12
What is the remainder when (1 + 0)/(3/246) is divided by 630/20*2/3?
19
Let b be (3/(-1))/(-2 - -1). Suppose s + b*v - 6 = 4*s, -24 = -2*s - 5*v. Suppose -6*u = -4*u - 4. What is the remainder when u is divided by s?
0
Calculate the remainder when 648 is divided by (-133)/38*(-1728)/28.
0
Let l(z) = 15*z - 5. Let u(m) = 7*m - 3. Let i(j) = -4*l(j) + 9*u(j). Let y be i(7). What is the remainder when 47 is divided by (y/(-21))/(1/(-18))?
11
Suppose 16*x - 13*x - 2*k = 323, -4*x - 4*k = -404. Calculate the remainder when x is divided by 28.
21
Suppose -99 = -5*d - 4*j, -4*d + 5*d - 3*j - 35 = 0. Let m = -8 + d. Calculate the remainder when 44 - (1 + -2 + 2) is divided by m.
13
Suppose d - 992 = -7*d. Calculate the remainder when d is divided by 14.
12
Suppose 11*r - 180 = 2*r. Let v = -35 + 85. Calculate the remainder when v is divided by (-4)/r - (-330)/25.
11
Suppose 4*j - 11 = 9. Suppose -q = -j*q + 44. Let k = 82 - 63. What is the remainder when k is divided by q?
8
Suppose -15*o + 13*o = -4*u - 30, -2*u = 2*o - 54. What is the remainder when 65 is divided by o?
19
Let o be 0/((-1 + 2)*3). Suppose 0 = -5*v - o*v. Suppose -h = -v*a + 2*a - 43, 2*a = 